

{"id":1527,"date":"2021-09-24T16:02:50","date_gmt":"2021-09-24T16:02:50","guid":{"rendered":"https:\/\/report.imma.ie\/ga\/?post_type=exhibition&#038;p=1527"},"modified":"2025-01-23T10:30:23","modified_gmt":"2025-01-23T10:30:23","slug":"championing-irish-art-the-mary-and-alan-hobart-collection","status":"publish","type":"exhibition","link":"https:\/\/report.imma.ie\/ga\/exhibition\/championing-irish-art-the-mary-and-alan-hobart-collection\/","title":{"rendered":"Tac\u00fa Le hEala\u00edon Na h\u00c9ireann Baili\u00fach\u00e1n The Mary Agus Alan Hobart"},"content":{"rendered":"","protected":false},"featured_media":1856,"menu_order":2,"template":"","categories":[21],"class_list":["post-1527","exhibition","type-exhibition","status-publish","has-post-thumbnail","hentry","category-exhibitions"],"acf":[],"_links":{"self":[{"href":"https:\/\/report.imma.ie\/ga\/wp-json\/wp\/v2\/exhibition\/1527","targetHints":{"allow":["GET"]}}],"collection":[{"href":"https:\/\/report.imma.ie\/ga\/wp-json\/wp\/v2\/exhibition"}],"about":[{"href":"https:\/\/report.imma.ie\/ga\/wp-json\/wp\/v2\/types\/exhibition"}],"version-history":[{"count":11,"href":"https:\/\/report.imma.ie\/ga\/wp-json\/wp\/v2\/exhibition\/1527\/revisions"}],"predecessor-version":[{"id":2228,"href":"https:\/\/report.imma.ie\/ga\/wp-json\/wp\/v2\/exhibition\/1527\/revisions\/2228"}],"wp:featuredmedia":[{"embeddable":true,"href":"https:\/\/report.imma.ie\/ga\/wp-json\/wp\/v2\/media\/1856"}],"wp:attachment":[{"href":"https:\/\/report.imma.ie\/ga\/wp-json\/wp\/v2\/media?parent=1527"}],"wp:term":[{"taxonomy":"category","embeddable":true,"href":"https:\/\/report.imma.ie\/ga\/wp-json\/wp\/v2\/categories?post=1527"}],"curies":[{"name":"wp","href":"https:\/\/api.w.org\/{rel}","templated":true}]}}

Tacú Le hEalaíon Na hÉireann Bailiúchán The Mary Agus Alan Hobart
